ppose 1 = b - 1. Let i(h) = 2 - 4 + 3957*h - 3953*h. What is i(b)?
6
Let u be 4/6 + (-1)/(-3). Let l(n) = 6*n**3 - n**2 + n. Determine l(u).
6
Suppose -6 = j + 5. Let p = j + 10. Let g(d) = -6*d - 1. Determine g(p).
5
Let b(p) = -7*p - 1. Let v = 4 - 1. Suppose -v*w + 6*w = -84. Let o be (-5)/(-4) - (-7)/w. What is b(o)?
-8
Let i(y) = -y**3 + 5*y**2 + 3*y - 1. Suppose 0 = 2*d + 7 - 19. What is i(d)?
-19
Let y(j) be the second derivative of -j**3/2 + j**2/2 - j. Let l(v) = -2*v - 8. Let d be l(-5). What is y(d)?
-5
Let n(x) = 6*x**2 - 4*x**3 - x**2 - 2 - 2*x**3 - 2*x. Let c(i) = 0 - 9*i + 8*i**2 - 7*i**2 - 1 - i**3 + 8*i. Let p(w) = 5*c(w) - n(w). Calculate p(-2).
-5
Let p = 21 + -22. Let o be (-28)/7 - (p - -3). Let t(i) = 3 + i**2 + 8*i + i - 4*i. What is t(o)?
9
Let o(p) = 5 + 2*p - 4*p - 2*p + 3*p. What is o(-4)?
9
Let g(p) = p**2 + 1. Let r(j) = j - 3*j**2 - 5 - 7*j - 2. Let o(k) = -4*g(k) - r(k). Determine o(5).
8
Let h(f) = f**2 - 6*f + 3. Let b(y) = -5*y + 5*y + 6*y**2 + y**2 - y. Let d be b(1). What is h(d)?
3
Let p(n) = 3*n - 9. Let w(d) = 4*d - 10. Let g(c) = 3*p(c) - 2*w(c). Determine g(8).
1
Suppose -6*y = -10*y - 28. Let u(b) = -b**3 - 8*b**2 - 10*b - 8. Give u(y).
13
Let j be ((-27)/(-6))/3*-2. Let s(o) be the first derivative of o**4/12 + o**3/2 - o**2/2 - 1. Let a(u) be the second derivative of s(u). What is a(j)?
-3
Let t(p) = p + 7. Let l(k) = 1. Let n(j) = j + 2. Let m(u) = 4*l(u) + n(u). Let v(f) = 4*m(f) - 3*t(f). Give v(0).
3
Let p be (-4)/10 - ((-22)/5)/1. Let t(z) = z**3 - 2*z**2 - 5*z - 3. What is t(p)?
9
Let w = -11 + 11. Let g(v) = v**2 + w*v + 2 + 5 - 5 + 2*v. Let x be (2 + 1)/(-1 + 0). Give g(x).
5
Let f(n) = -5*n**3 - 2*n**2 - n. Let b(h) = 2*h**3 + 16*h**2 - h - 9. Let i be b(-8). Calculate f(i).
4
Let x(s) = -31 - s**3 - 5*s**2 + 31 - 5*s. Determine x(-4).
4
Let k(u) = u**3 - 4*u**2 - 7. Suppose q + 1 = 6. Calculate k(q).
18
Let f(z) = z**3 - 4*z**2 - 4*z + 5. Let a(m) = 2*m**3 - 9*m**2 - 9*m + 11. Let h(x) = -4*a(x) + 9*f(x). Let p be h(-1). Let j(k) = k**3 - k + 6. Calculate j(p).
6
Let p(x) = x**3 + 4*x**2 - 8*x - 4. Suppose -b + 2*g + 32 = 3*b, -38 = -5*b + 2*g. Let l(j) = -2*j + 7. Let s be l(b). Calculate p(s).
11
Let i(z) = 2*z**3 - 3*z**2 - 5*z - 5. Let g(r) = r**3 - r**2 - 2*r - 2. Let t(l) = 5*g(l) - 3*i(l). What is t(5)?
5
Suppose -2*k + n - 6 = -n, -5*n = -20. Let l = k - 2. Let q(c) be the first derivative of 2*c**4 - c**3/3 - c**2 - c - 9. What is q(l)?
-8
Let n(h) = h**3 - 4*h**2 - 2*h + 4. Let z = 8 + -15. Let x be 2/z + 23/7. Calculate n(x).
-11
Let t(a) = 47*a - 2 + 2 + 1 - 52*a. What is t(1)?
-4
Let u(r) = -8*r**2 + r + 1. Let n(c) = 7*c**2 - 2*c - 2. Let w(x) = -7*n(x) - 6*u(x). Give w(9).
-1
Let r = 3 - -7. Let k = 12 - r. Let a(y) = 3*y. Determine a(k).
6
Let h(n) = 0 - 4*n + 1 + 5 + 3*n**2 + 8*n. Let b(o) = 4*o**2 + 5*o + 7. Let z(a) = 4*b(a) - 5*h(a). Give z(3).
7
Let m(j) = -j**3 - j**2 + j + 1. Let o be m(-2). Let d(b) = 2*b + 4. Let l(u) = 3*u + 4. Let r(t) = o*l(t) - 4*d(t). What is r(-4)?
-8
Let j(g) be the second derivative of g**4/12 - g**3/2 + g**2 - 9*g. Give j(3).
2
Let o(u) = u + 4. Let m(h) = h - 8. Let n be m(8). Give o(n).
4
Let a(v) be the third derivative of v**5/60 - v**4/4 + 7*v**3/6 - 7*v**2. Calculate a(5).
2
Suppose 5*f + 45 = -5*u, -6 - 27 = 2*f + 5*u. Let g(z) be the first derivative of -z**3/3 - 2*z**2 - 6*z + 13. Calculate g(f).
-6
Let h(c) = 2*c**2 - 2*c - 1. Let j be 2*(3 - -1)/(-8). What is h(j)?
3
Let g(j) = 7*j**2 - 3*j + 2. Let i = 91 + -89. What is g(i)?
24
Let g(b) = -b**3 - 3*b**2 + 2*b - 2. Let c(d) = d + 1. Let w be c(-1). Suppose 246 = -3*i - x, x - 5*x - 12 = w. Let z be 306/i + (-4)/18. Calculate g(z).
6
Let r(l) = -l - 5. Let j(z) = z. Let g(k) = 2*j(k) + r(k). Give g(0).
-5
Let m(k) = 8*k**2. Suppose -2 - 14 = 4*y. Let o = y + 3. Determine m(o).
8
Let c be 0*-1*(-3)/(-6). Let u(s) = -s - 4. Let r(m) = m + 4. Let g(l) = -6*r(l) - 5*u(l). Determine g(c).
-4
Let d = 7 + -2. Let s be (6/(-18))/(2/(-18)). Let p(q) = -4*q**2 - d*q + q**2 + 4*q - s*q**2. Determine p(1).
-7
Let j(s) = s - 3. Suppose 3*i + 2*i - 5*p + 15 = 0, -2*p + 1 = -i. Let h = 8 + i. Calculate j(h).
0
Let b(y) = 0*y - 3*y + 2 + y. Let g(l) = l**2 + 8*l + 9. Let o be g(-6). Let k = o + 5. Determine b(k).
-2
Let a be 0/(2*1) - 6. Let h be 3 - (3/(-4) + (-10)/8). Let z = a + h. Let x(p) = -4*p**3 - p**2 - 2*p - 1. Calculate x(z).
4
Suppose -8*i - 8 = -12*i. Let c(k) = k + 6*k + i - k. Suppose 10 = -5*y - 0. Give c(y).
-10
Let a be 3*-1*4/2. Let t be (a/(-5))/(3/(-10)). Let g(x) be the third derivative of x**5/60 + x**4/6 + 2*x**3/3 - 2*x**2. Determine g(t).
4
Let r(v) = v**2 - 9*v - 4. Let a(i) = -8*i - 31. Let o be a(-5). What is r(o)?
-4
Suppose 0*y + y + 3*u = 12, 3*u - 15 = 0. Let o(g) = -2*g - 2. Determine o(y).
4
Let y(x) be the second derivative of -1/2*x**2 - 1/3*x**3 + 0 + 3*x + 1/4*x**4. Determine y(-1).
4
Let w(k) be the first derivative of 1 - 1/3*k**3 - 5*k + 3*k**2. Let d be (-56)/7*1/(-2). What is w(d)?
3
Let d be 3 + (3/(-3) - -3). Suppose -4*z = -4*m, -d*m = -m - 3*z - 5. Let a(f) = -4*f + m*f + 3*f**2 - f**2. Determine a(-2).
6
Suppose -2*t - 26 = -10. Let q be (t/6)/(2/6). Let k(o) = o**2 + o + 1. Let l(r) = 5*r + 4. Let y(p) = k(p) + l(p). Calculate y(q).
-3
Let a = 8 - 5. Let k(t) = -3 - a*t - 1 + 1. Let g = -1 + -1. Calculate k(g).
3
Let f(h) = -6*h - 5*h**3 - 1 - 4*h**3 + 13*h - 5*h. What is f(1)?
-8
Let q = 3 + 6. Let z be (-2)/(-5) + (-44)/10. Let g = q + z. Let m(f) = -3*f + 7. Determine m(g).
-8
Let j = 58 - 63. Let o(z) = -z**2 - 6*z - 13. Let f(i) = 2*i**2 + 12*i + 25. Let t(l) = -6*f(l) - 11*o(l). Give t(j).
-2
Let s(v) be the second derivative of 2*v**3 - v**2/2 + 9*v. Let y = 2 - 3. Determine s(y).
-13
Let k = 48 - -75. Let i(z) = -k + z + 123. Calculate i(-1).
-1
Suppose 0 = 3*s + 3, 14 = -4*u + u + 4*s. Let i(o) = o**3 + 5*o**2 - 7*o - 2. Calculate i(u).
4
Suppose -2*t + 6*t = 2*o, -2*o + 7 = 3*t. Let s = o - 0. Suppose 0*i - s*i = 2. Let c(n) = 5*n**2 - n. What is c(i)?
6
Suppose 0 = -13*h - 12 + 38. Let j(b) = -2*b + 1. Calculate j(h).
-3
Let z(h) = -4*h. Let v(w) be the first derivative of w**2/2 + w - 3. Let y(m) = 2*v(m) + z(m). Determine y(-2).
6
Suppose -6*s + 100 = -2*s. Suppose 5*b - 4*g - s = 0, 4*g - 18 - 2 = -4*b. Let o(v) = -v**2 + 6*v - 3. Determine o(b).
2
Let i(r) = -r - 1. Let p(c) = 4*c + 5. Let b(h) = 2*i(h) + p(h). Calculate b(-2).
-1
Let g(c) = 11*c + 1. Suppose 4 = -5*u - 2*b, 4*b = -3*u + b - 6. Suppose u = 4*r + t + 2, -3*t + 6*t - 6 = 0. Give g(r).
-10
Let v(d) be the second derivative of 0 + 2*d - 1/4*d**4 + 1/6*d**3 + 0*d**2. What is v(-1)?
-4
Let u(j) = -2*j**3 - 17*j**2 - 3*j - 5. Let v(i) = -i**3 - 9*i**2 - i - 3. Let t(n) = 4*u(n) - 7*v(n). Let d = -29 - -25. Calculate t(d).
5
Let p(k) = -k + 2. Suppose -5*h = 4*w - 47, -2*w + 12 = 2*w. Calculate p(h).
-5
Let m = 17 + -16. Let d(p) be the second derivative of 5*p**3/6 - 2*p. Let s(u) = -30*u. Let v(w) = -35*d(w) - 6*s(w). Determine v(m).
5
Let g(m) = -3*m + 7. Let z be g(4). Let r(i) = i**2 + 7*i + 7. What is r(z)?
-3
Let c be -2*3/(-8)*4. Let k(s) = 3*s - 4. Give k(c).
5
Let i(w) = -3*w**2 + 6*w + 0*w + 2*w**2 - 5*w + 4. Let v = -9 + 21. Suppose -k + 4 - v = 4*c, 5*k = -2*c - 4. Determine i(k).
4
Let u(n) be the third derivative of n**6/120 + n**5/12 - n**4/6 + n**3 + 7*n**2. What is u(-6)?
-6
Let j(p) = 4*p**2 - 5*p - 3. Let k(v) = v**2 - v. Suppose -t = -m + 3*m - 5, 14 = t + 5*m. Let n(w) = t*j(w) + 3*k(w). Suppose -5*a + 9 = -2*a. Determine n(a).
0
Suppose 0 = -6*v + 2*v + 20. Let h = v - 4. Let m(r) = -r - h - 4 - 6. Determine m(-5).
-6
Let w(y) = y + 2. Suppose 0 = -4*i - 0*i - 24. Let h be 1/(-2) - 21/i. Suppose -h*v - 4 = -1. What is w(v)?
1
Let i(p) = 0 - 1 + 0 + 3*p. Let t be i(2). Let m(b) be the second derivative of -b**5/20 + 5*b**4/12 + b**3/6 - 3*b**2 - 42*b. Calculate m(t).
-1
Let x = -1 - 7. Let h(b) = b**2 + 8*b - 4. Calculate h(x).
-4
Suppose -4*h + 2*h + 6 = 0. Let q(l) = -3*l**2 + h*l + 4*l**2 + 0*l - 3 - l. Determine q(-3).
0
Suppose -8 = -4*t - 0*t. Let r(l) = t - 2*l + 0*l - l**2 + 5*l. Let n be (4/6)/(8/60). Determine r(n).
-8
Let u(h) = -3*h - 1. Let i(k) = 5*k + 1. Let o(r) = 3*i(r) + 4*u(r). Give o(-2).
-7
Let f(s) = 3*s**3 - 7*s**2 + 3*s + 